Last updated on 2025-04-29 22:50:07 CEST.
Flavor | Version | Tinstall | Tcheck | Ttotal | Status | Flags |
---|---|---|---|---|---|---|
r-devel-linux-x86_64-debian-clang | 0.2.0 | 21.18 | 261.89 | 283.07 | NOTE | |
r-devel-linux-x86_64-debian-gcc | 0.2.0 | 13.34 | 177.37 | 190.71 | NOTE | |
r-devel-linux-x86_64-fedora-clang | 0.2.0 | 411.69 | OK | |||
r-devel-linux-x86_64-fedora-gcc | 0.2.0 | 420.86 | OK | |||
r-devel-windows-x86_64 | 0.2.0 | 22.00 | 237.00 | 259.00 | OK | |
r-patched-linux-x86_64 | 0.2.0 | 19.13 | 241.92 | 261.05 | OK | |
r-release-linux-x86_64 | 0.2.0 | 19.38 | 239.87 | 259.25 | OK | |
r-release-macos-arm64 | 0.2.0 | 64.00 | OK | |||
r-release-macos-x86_64 | 0.2.0 | 139.00 | OK | |||
r-release-windows-x86_64 | 0.2.0 | 24.00 | 232.00 | 256.00 | OK | |
r-oldrel-macos-arm64 | 0.2.0 | 99.00 | OK | |||
r-oldrel-macos-x86_64 | 0.2.0 | 132.00 | OK | |||
r-oldrel-windows-x86_64 | 0.2.0 | 27.00 | 316.00 | 343.00 | OK |
Version: 0.2.0
Check: examples
Result: NOTE
Examples with CPU (user + system) or elapsed time > 5s
user system elapsed
plot.modelDiagnostics.lme 10.737 0.113 11.980
modelDiagnostics.lme 10.239 0.403 11.860
plot.modelDiagnostics.merMod 9.165 0.088 10.808
modelDiagnostics.merMod 4.826 0.405 6.476
Flavor: r-devel-linux-x86_64-debian-clang
Version: 0.2.0
Check: examples
Result: NOTE
Examples with CPU (user + system) or elapsed time > 5s
user system elapsed
plot.modelDiagnostics.lme 6.832 0.039 10.923
modelDiagnostics.lme 6.157 0.188 9.386
plot.modelDiagnostics.merMod 5.628 0.018 8.429
Flavor: r-devel-linux-x86_64-debian-gcc