Last updated on 2025-01-22 21:49:47 CET.
Flavor | Version | Tinstall | Tcheck | Ttotal | Status | Flags |
---|---|---|---|---|---|---|
r-devel-linux-x86_64-debian-clang | 1.2.6 | 16.35 | 237.63 | 253.98 | NOTE | |
r-devel-linux-x86_64-debian-gcc | 1.2.6 | 10.66 | 165.76 | 176.42 | NOTE | |
r-devel-linux-x86_64-fedora-clang | 1.2.6 | 362.13 | OK | |||
r-devel-linux-x86_64-fedora-gcc | 1.2.6 | 388.67 | OK | |||
r-devel-windows-x86_64 | 1.2.6 | 20.00 | 320.00 | 340.00 | NOTE | --no-vignettes |
r-patched-linux-x86_64 | 1.2.6 | 23.55 | 218.59 | 242.14 | OK | |
r-release-linux-x86_64 | 1.2.6 | 15.94 | 218.36 | 234.30 | OK | |
r-release-macos-arm64 | 1.2.6 | 174.00 | OK | |||
r-release-macos-x86_64 | 1.2.6 | 256.00 | OK | |||
r-release-windows-x86_64 | 1.2.6 | 18.00 | 372.00 | 390.00 | OK | --no-vignettes |
r-oldrel-macos-arm64 | 1.2.6 | 161.00 | OK | |||
r-oldrel-macos-x86_64 | 1.2.6 | 323.00 | OK | |||
r-oldrel-windows-x86_64 | 1.2.6 | 23.00 | 390.00 | 413.00 | OK | --no-vignettes |
Version: 1.2.6
Check: Rd cross-references
Result: NOTE
Found the following Rd file(s) with Rd \link{} targets missing package
anchors:
mkinpredict.Rd: ode
nlme.Rd: groupedData
Please provide package anchors for all Rd \link{} targets not in the
package itself and the base packages.
Flavors: r-devel-linux-x86_64-debian-clang, r-devel-linux-x86_64-debian-gcc
Version: 1.2.6
Flags: --no-vignettes
Check: Rd cross-references
Result: NOTE
Found the following Rd file(s) with Rd \link{} targets missing package
anchors:
mkinpredict.Rd: ode
nlme.Rd: groupedData
Please provide package anchors for all Rd \link{} targets not in the
package itself and the base packages.
Flavor: r-devel-windows-x86_64