Last updated on 2025-01-25 18:50:34 CET.
Flavor | Version | Tinstall | Tcheck | Ttotal | Status | Flags |
---|---|---|---|---|---|---|
r-devel-linux-x86_64-debian-clang | 1.1.1 | 17.16 | 173.63 | 190.79 | NOTE | |
r-devel-linux-x86_64-debian-gcc | 1.1.1 | 12.82 | 120.64 | 133.46 | NOTE | |
r-devel-linux-x86_64-fedora-clang | 1.1.1 | 321.63 | OK | |||
r-devel-linux-x86_64-fedora-gcc | 1.1.1 | 285.71 | OK | |||
r-devel-windows-x86_64 | 1.1.1 | 18.00 | 168.00 | 186.00 | NOTE | |
r-patched-linux-x86_64 | 1.1.1 | 20.59 | 159.49 | 180.08 | OK | |
r-release-linux-x86_64 | 1.1.1 | 15.07 | 157.64 | 172.71 | OK | |
r-release-macos-arm64 | 1.1.1 | 79.00 | OK | |||
r-release-macos-x86_64 | 1.1.1 | 120.00 | OK | |||
r-release-windows-x86_64 | 1.1.1 | 17.00 | 164.00 | 181.00 | OK | |
r-oldrel-macos-arm64 | 1.1.1 | 64.00 | OK | |||
r-oldrel-macos-x86_64 | 1.1.1 | 109.00 | OK | |||
r-oldrel-windows-x86_64 | 1.1.1 | 22.00 | 205.00 | 227.00 | OK |
Version: 1.1.1
Check: Rd cross-references
Result: NOTE
Found the following Rd file(s) with Rd \link{} targets missing package
anchors:
flexCItest.Rd: gaussCItest, disCItest
getSuff.Rd: gaussCItest, disCItest
Please provide package anchors for all Rd \link{} targets not in the
package itself and the base packages.
Flavors: r-devel-linux-x86_64-debian-clang, r-devel-linux-x86_64-debian-gcc, r-devel-windows-x86_64