CRAN Package Check Results for Package mets

Last updated on 2025-04-30 19:50:07 CEST.

Flavor Version Tinstall Tcheck Ttotal Status Flags
r-devel-linux-x86_64-debian-clang 1.3.6 292.73 503.49 796.22 NOTE
r-devel-linux-x86_64-debian-gcc 1.3.6 192.82 368.71 561.53 OK
r-devel-linux-x86_64-fedora-clang 1.3.6 1329.15 OK
r-devel-linux-x86_64-fedora-gcc 1.3.6 1444.55 OK
r-devel-windows-x86_64 1.3.6 290.00 506.00 796.00 OK
r-patched-linux-x86_64 1.3.6 281.56 484.50 766.06 OK
r-release-linux-x86_64 1.3.6 285.34 486.42 771.76 OK
r-release-macos-arm64 1.3.6 281.00 OK
r-release-macos-x86_64 1.3.6 549.00 OK
r-release-windows-x86_64 1.3.6 292.00 516.00 808.00 OK
r-oldrel-macos-arm64 1.3.6 320.00 NOTE
r-oldrel-macos-x86_64 1.3.6 591.00 NOTE
r-oldrel-windows-x86_64 1.3.6 338.00 681.00 1019.00 NOTE

Check Details

Version: 1.3.6
Check: examples
Result: NOTE Examples with CPU (user + system) or elapsed time > 5s user system elapsed simRecurrentII 3.638 0.075 5.377 Flavor: r-devel-linux-x86_64-debian-clang

Version: 1.3.6
Check: installed package size
Result: NOTE installed size is 29.7Mb sub-directories of 1Mb or more: R 2.1Mb doc 3.5Mb libs 22.2Mb Flavors: r-oldrel-macos-arm64, r-oldrel-macos-x86_64, r-oldrel-windows-x86_64