CRAN Package Check Results for Package memoria

Last updated on 2025-04-26 22:51:40 CEST.

Flavor Version Tinstall Tcheck Ttotal Status Flags
r-devel-linux-x86_64-debian-clang 1.0.0 13.96 116.32 130.28 NOTE
r-devel-linux-x86_64-debian-gcc 1.0.0 10.54 87.42 97.96 NOTE
r-devel-linux-x86_64-fedora-clang 1.0.0 207.84 NOTE
r-devel-linux-x86_64-fedora-gcc 1.0.0 217.40 NOTE
r-devel-windows-x86_64 1.0.0 16.00 116.00 132.00 NOTE
r-patched-linux-x86_64 1.0.0 12.06 118.52 130.58 NOTE
r-release-linux-x86_64 1.0.0 13.24 108.50 121.74 NOTE
r-release-macos-arm64 1.0.0 63.00 NOTE
r-release-macos-x86_64 1.0.0 141.00 NOTE
r-release-windows-x86_64 1.0.0 16.00 121.00 137.00 NOTE
r-oldrel-macos-arm64 1.0.0 65.00 NOTE
r-oldrel-macos-x86_64 1.0.0 117.00 NOTE
r-oldrel-windows-x86_64 1.0.0 22.00 155.00 177.00 NOTE

Check Details

Version: 1.0.0
Check: package subdirectories
Result: NOTE Problems with news in ‘NEWS.md’: No news entries found. Flavors: r-devel-linux-x86_64-debian-clang, r-devel-linux-x86_64-debian-gcc, r-devel-linux-x86_64-fedora-clang, r-devel-linux-x86_64-fedora-gcc, r-devel-windows-x86_64, r-patched-linux-x86_64, r-release-linux-x86_64, r-release-macos-arm64, r-release-macos-x86_64, r-release-windows-x86_64, r-oldrel-macos-arm64, r-oldrel-macos-x86_64, r-oldrel-windows-x86_64