Last updated on 2025-01-23 12:55:05 CET.
Flavor | Version | Tinstall | Tcheck | Ttotal | Status | Flags |
---|---|---|---|---|---|---|
r-devel-linux-x86_64-debian-clang | 0.7.8 | 91.04 | 337.10 | 428.14 | OK | |
r-devel-linux-x86_64-debian-gcc | 0.7.8 | 68.45 | 234.67 | 303.12 | OK | |
r-devel-linux-x86_64-fedora-clang | 0.7.8 | 750.99 | OK | |||
r-devel-linux-x86_64-fedora-gcc | 0.7.8 | 776.33 | OK | |||
r-devel-windows-x86_64 | 0.7.8 | 94.00 | 352.00 | 446.00 | OK | |
r-patched-linux-x86_64 | 0.7.8 | 98.54 | 322.82 | 421.36 | OK | |
r-release-linux-x86_64 | 0.7.8 | 94.06 | 321.89 | 415.95 | OK | |
r-release-macos-arm64 | 0.7.8 | 196.00 | NOTE | |||
r-release-macos-x86_64 | 0.7.8 | 348.00 | NOTE | |||
r-release-windows-x86_64 | 0.7.8 | 90.00 | 348.00 | 438.00 | OK | |
r-oldrel-macos-arm64 | 0.7.8 | 186.00 | NOTE | |||
r-oldrel-macos-x86_64 | 0.7.8 | 386.00 | NOTE | |||
r-oldrel-windows-x86_64 | 0.7.8 | 110.00 | 464.00 | 574.00 | OK |
Version: 0.7.8
Check: installed package size
Result: NOTE
installed size is 21.3Mb
sub-directories of 1Mb or more:
R 2.0Mb
libs 18.8Mb
Flavors: r-release-macos-arm64, r-release-macos-x86_64, r-oldrel-macos-arm64, r-oldrel-macos-x86_64