CRAN Package Check Results for Package mapdeck

Last updated on 2025-01-19 09:48:24 CET.

Flavor Version Tinstall Tcheck Ttotal Status Flags
r-devel-linux-x86_64-debian-clang 0.3.5 190.07 56.84 246.91 NOTE
r-devel-linux-x86_64-debian-gcc 0.3.5 158.78 40.91 199.69 NOTE
r-devel-linux-x86_64-fedora-clang 0.3.5 391.29 NOTE
r-devel-linux-x86_64-fedora-gcc 0.3.5 561.94 NOTE
r-devel-windows-x86_64 0.3.5 191.00 122.00 313.00 NOTE
r-patched-linux-x86_64 0.3.5 218.36 53.15 271.51 NOTE
r-release-linux-x86_64 0.3.5 218.47 53.73 272.20 NOTE
r-release-macos-arm64 0.3.5 114.00 NOTE
r-release-macos-x86_64 0.3.5 119.00 NOTE
r-release-windows-x86_64 0.3.5 184.00 120.00 304.00 NOTE
r-oldrel-macos-arm64 0.3.5 130.00 NOTE
r-oldrel-macos-x86_64 0.3.5 127.00 NOTE
r-oldrel-windows-x86_64 0.3.5 221.00 134.00 355.00 NOTE

Check Details

Version: 0.3.5
Check: C++ specification
Result: NOTE Specified C++14: please drop specification unless essential Flavors: r-devel-linux-x86_64-debian-clang, r-devel-linux-x86_64-debian-gcc, r-devel-linux-x86_64-fedora-clang, r-devel-linux-x86_64-fedora-gcc, r-devel-windows-x86_64, r-patched-linux-x86_64, r-release-linux-x86_64, r-release-macos-arm64, r-release-macos-x86_64, r-release-windows-x86_64, r-oldrel-macos-arm64, r-oldrel-macos-x86_64, r-oldrel-windows-x86_64

Version: 0.3.5
Check: installed package size
Result: NOTE installed size is 22.2Mb sub-directories of 1Mb or more: data 1.3Mb doc 1.6Mb htmlwidgets 3.5Mb libs 15.3Mb Flavors: r-release-macos-arm64, r-release-macos-x86_64, r-release-windows-x86_64, r-oldrel-macos-arm64, r-oldrel-macos-x86_64, r-oldrel-windows-x86_64