Last updated on 2025-05-07 07:52:33 CEST.
Flavor | Version | Tinstall | Tcheck | Ttotal | Status | Flags |
---|---|---|---|---|---|---|
r-devel-linux-x86_64-debian-clang | 0.2.1 | 1.45 | 38.09 | 39.54 | NOTE | |
r-devel-linux-x86_64-debian-gcc | 0.2.1 | 1.39 | 27.19 | 28.58 | NOTE | |
r-devel-linux-x86_64-fedora-clang | 0.2.1 | 59.93 | NOTE | |||
r-devel-linux-x86_64-fedora-gcc | 0.2.1 | 59.92 | NOTE | |||
r-devel-windows-x86_64 | 0.2.1 | 3.00 | 58.00 | 61.00 | OK | |
r-patched-linux-x86_64 | 0.2.1 | 1.77 | 35.09 | 36.86 | OK | |
r-release-linux-x86_64 | 0.2.1 | 1.74 | 34.43 | 36.17 | OK | |
r-release-macos-arm64 | 0.2.1 | 24.00 | OK | |||
r-release-macos-x86_64 | 0.2.1 | 40.00 | OK | |||
r-release-windows-x86_64 | 0.2.1 | 3.00 | 54.00 | 57.00 | OK | |
r-oldrel-macos-arm64 | 0.2.1 | 21.00 | OK | |||
r-oldrel-macos-x86_64 | 0.2.1 | 31.00 | OK | |||
r-oldrel-windows-x86_64 | 0.2.1 | 3.00 | 63.00 | 66.00 | OK |
Version: 0.2.1
Check: CRAN incoming feasibility
Result: NOTE
Maintainer: ‘Maninder Singh Dhillon <manidhillon1989@gmail.com>’
No Authors@R field in DESCRIPTION.
Please add one, modifying
Authors@R: c(person(given = c("Maninder", "Singh"),
family = "Dhillon",
role = c("aut", "cre"),
email = "manidhillon1989@gmail.com"),
person(given = "Thorsten",
family = "Dahms",
role = "ctb"),
person(given = "Leon",
family = "Nill",
role = "ctb"))
as necessary.
Flavors: r-devel-linux-x86_64-debian-clang, r-devel-linux-x86_64-debian-gcc
Version: 0.2.1
Check: dependencies in R code
Result: NOTE
Namespaces in Imports field not imported from:
‘ncdf4’ ‘raster’
All declared Imports should be used.
Flavors: r-devel-linux-x86_64-fedora-clang, r-devel-linux-x86_64-fedora-gcc