Last updated on 2025-01-21 21:49:14 CET.
Flavor | Version | Tinstall | Tcheck | Ttotal | Status | Flags |
---|---|---|---|---|---|---|
r-devel-linux-x86_64-debian-clang | 0.5.6 | 6.62 | 52.48 | 59.10 | OK | |
r-devel-linux-x86_64-debian-gcc | 0.5.6 | 4.22 | 37.22 | 41.44 | OK | |
r-devel-linux-x86_64-fedora-clang | 0.5.6 | 94.82 | OK | |||
r-devel-linux-x86_64-fedora-gcc | 0.5.6 | 87.40 | OK | |||
r-devel-windows-x86_64 | 0.5.6 | 9.00 | 68.00 | 77.00 | OK | |
r-patched-linux-x86_64 | 0.5.6 | 6.32 | 46.98 | 53.30 | NOTE | |
r-release-linux-x86_64 | 0.5.6 | 6.32 | 47.01 | 53.33 | NOTE | |
r-release-macos-arm64 | 0.5.6 | 28.00 | NOTE | |||
r-release-macos-x86_64 | 0.5.6 | 48.00 | NOTE | |||
r-release-windows-x86_64 | 0.5.6 | 8.00 | 63.00 | 71.00 | NOTE | |
r-oldrel-macos-arm64 | 0.5.6 | 31.00 | NOTE | |||
r-oldrel-macos-x86_64 | 0.5.6 | 47.00 | NOTE | |||
r-oldrel-windows-x86_64 | 0.5.6 | 10.00 | 80.00 | 90.00 | NOTE |
Version: 0.5.6
Check: LazyData
Result: NOTE
'LazyData' is specified without a 'data' directory
Flavors: r-patched-linux-x86_64, r-release-linux-x86_64, r-release-macos-arm64, r-release-macos-x86_64, r-release-windows-x86_64, r-oldrel-macos-arm64, r-oldrel-macos-x86_64, r-oldrel-windows-x86_64