Last updated on 2025-05-09 06:49:22 CEST.
Flavor | Version | Tinstall | Tcheck | Ttotal | Status | Flags |
---|---|---|---|---|---|---|
r-devel-linux-x86_64-debian-clang | 0.2.13 | 450.34 | 248.29 | 698.63 | OK | |
r-devel-linux-x86_64-debian-gcc | 0.2.13 | 262.16 | 165.46 | 427.62 | OK | |
r-devel-linux-x86_64-fedora-clang | 0.2.13 | 1014.50 | OK | |||
r-devel-linux-x86_64-fedora-gcc | 0.2.13 | 1192.32 | OK | |||
r-devel-windows-x86_64 | 0.2.13 | 297.00 | 374.00 | 671.00 | OK | |
r-patched-linux-x86_64 | 0.2.13 | 362.35 | 235.16 | 597.51 | OK | |
r-release-linux-x86_64 | 0.2.13 | 360.00 | 234.28 | 594.28 | OK | |
r-release-macos-arm64 | 0.2.13 | 370.00 | OK | |||
r-release-macos-x86_64 | 0.2.13 | 410.00 | OK | |||
r-release-windows-x86_64 | 0.2.13 | 292.00 | 367.00 | 659.00 | OK | |
r-oldrel-macos-arm64 | 0.2.13 | 285.00 | NOTE | |||
r-oldrel-macos-x86_64 | 0.2.13 | 337.00 | NOTE | |||
r-oldrel-windows-x86_64 | 0.2.13 | 356.00 | 439.00 | 795.00 | NOTE |
Version: 0.2.13
Check: installed package size
Result: NOTE
installed size is 90.6Mb
sub-directories of 1Mb or more:
help 1.0Mb
libs 88.3Mb
Flavors: r-oldrel-macos-arm64, r-oldrel-macos-x86_64, r-oldrel-windows-x86_64