Last updated on 2025-01-22 03:49:56 CET.
Flavor | Version | Tinstall | Tcheck | Ttotal | Status | Flags |
---|---|---|---|---|---|---|
r-devel-linux-x86_64-debian-clang | 3.1.6 | 57.72 | 254.95 | 312.67 | OK | |
r-devel-linux-x86_64-debian-gcc | 3.1.6 | 46.58 | 178.92 | 225.50 | OK | |
r-devel-linux-x86_64-fedora-clang | 3.1.6 | 565.60 | NOTE | |||
r-devel-linux-x86_64-fedora-gcc | 3.1.6 | 543.75 | NOTE | |||
r-devel-windows-x86_64 | 3.1.6 | 67.00 | 294.00 | 361.00 | OK | |
r-patched-linux-x86_64 | 3.1.6 | 47.77 | 235.79 | 283.56 | NOTE | |
r-release-linux-x86_64 | 3.1.6 | 60.67 | 237.91 | 298.58 | NOTE | |
r-release-macos-arm64 | 3.1.6 | 149.00 | NOTE | |||
r-release-macos-x86_64 | 3.1.6 | 276.00 | NOTE | |||
r-release-windows-x86_64 | 3.1.6 | 66.00 | 299.00 | 365.00 | NOTE | |
r-oldrel-macos-arm64 | 3.1.6 | 193.00 | NOTE | |||
r-oldrel-macos-x86_64 | 3.1.6 | 486.00 | NOTE | |||
r-oldrel-windows-x86_64 | 3.1.6 | 83.00 | 363.00 | 446.00 | NOTE |
Version: 3.1.6
Check: dependencies in R code
Result: NOTE
Namespaces in Imports field not imported from:
‘purrr’ ‘readr’
All declared Imports should be used.
Flavors: r-devel-linux-x86_64-fedora-clang, r-devel-linux-x86_64-fedora-gcc
Version: 3.1.6
Check: for GNU extensions in Makefiles
Result: NOTE
GNU make is a SystemRequirements.
Flavors: r-patched-linux-x86_64, r-release-linux-x86_64, r-release-macos-arm64, r-release-macos-x86_64, r-release-windows-x86_64, r-oldrel-macos-arm64, r-oldrel-macos-x86_64, r-oldrel-windows-x86_64
Version: 3.1.6
Check: installed package size
Result: NOTE
installed size is 9.5Mb
sub-directories of 1Mb or more:
doc 4.0Mb
libs 5.2Mb
Flavors: r-release-macos-arm64, r-release-macos-x86_64, r-release-windows-x86_64, r-oldrel-macos-arm64, r-oldrel-macos-x86_64, r-oldrel-windows-x86_64