CRAN Package Check Results for Package lenses

Last updated on 2025-01-16 03:50:12 CET.

Flavor Version Tinstall Tcheck Ttotal Status Flags
r-devel-linux-x86_64-debian-clang 0.0.3 2.73 23.46 26.19 OK
r-devel-linux-x86_64-debian-gcc 0.0.3 1.82 18.02 19.84 OK
r-devel-linux-x86_64-fedora-clang 0.0.3 43.01 OK
r-devel-linux-x86_64-fedora-gcc 0.0.3 41.33 OK
r-devel-windows-x86_64 0.0.3 6.00 54.00 60.00 OK
r-patched-linux-x86_64 0.0.3 3.03 22.45 25.48 NOTE
r-release-linux-x86_64 0.0.3 2.36 22.39 24.75 NOTE
r-release-macos-arm64 0.0.3 17.00 NOTE
r-release-macos-x86_64 0.0.3 24.00 NOTE
r-release-windows-x86_64 0.0.3 4.00 53.00 57.00 NOTE
r-oldrel-macos-arm64 0.0.3 17.00 NOTE
r-oldrel-macos-x86_64 0.0.3 25.00 NOTE
r-oldrel-windows-x86_64 0.0.3 5.00 55.00 60.00 NOTE

Check Details

Version: 0.0.3
Check: LazyData
Result: NOTE 'LazyData' is specified without a 'data' directory Flavors: r-patched-linux-x86_64, r-release-linux-x86_64, r-release-macos-arm64, r-release-macos-x86_64, r-release-windows-x86_64, r-oldrel-macos-arm64, r-oldrel-macos-x86_64, r-oldrel-windows-x86_64