Last updated on 2025-07-06 16:48:28 CEST.
Flavor | Version | Tinstall | Tcheck | Ttotal | Status | Flags |
---|---|---|---|---|---|---|
r-devel-linux-x86_64-debian-clang | 1.1.0 | 22.95 | 37.45 | 60.40 | NOTE | |
r-devel-linux-x86_64-debian-gcc | 1.1.0 | 17.94 | 28.73 | 46.67 | NOTE | |
r-devel-linux-x86_64-fedora-clang | 1.1.0 | 101.17 | NOTE | |||
r-devel-linux-x86_64-fedora-gcc | 1.1.0 | 113.33 | NOTE | |||
r-devel-windows-x86_64 | 1.1.0 | 33.00 | 82.00 | 115.00 | NOTE | |
r-patched-linux-x86_64 | 1.1.0 | 26.20 | 35.05 | 61.25 | NOTE | |
r-release-linux-x86_64 | 1.1.0 | 26.51 | 34.47 | 60.98 | NOTE | |
r-release-macos-arm64 | 1.1.0 | 48.00 | NOTE | |||
r-release-macos-x86_64 | 1.1.0 | 62.00 | NOTE | |||
r-release-windows-x86_64 | 1.1.0 | 32.00 | 84.00 | 116.00 | NOTE | |
r-oldrel-macos-arm64 | 1.1.0 | 36.00 | NOTE | |||
r-oldrel-macos-x86_64 | 1.1.0 | 53.00 | NOTE | |||
r-oldrel-windows-x86_64 | 1.1.0 | 40.00 | 94.00 | 134.00 | NOTE |
Version: 1.1.0
Check: C++ specification
Result: NOTE
Specified C++11: please drop specification unless essential
Flavors: r-devel-linux-x86_64-debian-clang, r-devel-linux-x86_64-debian-gcc, r-devel-linux-x86_64-fedora-clang, r-devel-linux-x86_64-fedora-gcc, r-devel-windows-x86_64, r-patched-linux-x86_64, r-release-linux-x86_64, r-release-macos-arm64, r-release-macos-x86_64, r-release-windows-x86_64, r-oldrel-macos-arm64, r-oldrel-macos-x86_64, r-oldrel-windows-x86_64