CRAN Package Check Results for Package latentFactoR

Last updated on 2025-01-18 21:48:25 CET.

Flavor Version Tinstall Tcheck Ttotal Status Flags
r-devel-linux-x86_64-debian-clang 0.0.6 13.70 99.93 113.63 NOTE
r-devel-linux-x86_64-debian-gcc 0.0.6 9.01 70.96 79.97 NOTE
r-devel-linux-x86_64-fedora-clang 0.0.6 176.14 OK
r-devel-linux-x86_64-fedora-gcc 0.0.6 175.26 OK
r-devel-windows-x86_64 0.0.6 15.00 109.00 124.00 NOTE
r-patched-linux-x86_64 0.0.6 19.19 89.65 108.84 OK
r-release-linux-x86_64 0.0.6 13.27 90.07 103.34 OK
r-release-macos-arm64 0.0.6 44.00 OK
r-release-macos-x86_64 0.0.6 72.00 OK
r-release-windows-x86_64 0.0.6 16.00 112.00 128.00 OK
r-oldrel-macos-arm64 0.0.6 52.00 OK
r-oldrel-macos-x86_64 0.0.6 81.00 OK
r-oldrel-windows-x86_64 0.0.6 18.00 129.00 147.00 OK

Check Details

Version: 0.0.6
Check: Rd cross-references
Result: NOTE Found the following Rd file(s) with Rd \link{} targets missing package anchors: ESEM.Rd: lavaan add_population_error.Rd: bifactor Please provide package anchors for all Rd \link{} targets not in the package itself and the base packages. Flavors: r-devel-linux-x86_64-debian-clang, r-devel-linux-x86_64-debian-gcc, r-devel-windows-x86_64