Last updated on 2025-01-19 03:49:21 CET.
Flavor | Version | Tinstall | Tcheck | Ttotal | Status | Flags |
---|---|---|---|---|---|---|
r-devel-linux-x86_64-debian-clang | 5.2.11 | 27.20 | 195.35 | 222.55 | OK | |
r-devel-linux-x86_64-debian-gcc | 5.2.11 | 17.80 | 127.11 | 144.91 | OK | |
r-devel-linux-x86_64-fedora-clang | 5.2.11 | 350.34 | OK | |||
r-devel-linux-x86_64-fedora-gcc | 5.2.11 | 331.33 | OK | |||
r-devel-windows-x86_64 | 5.2.11 | 31.00 | 230.00 | 261.00 | OK | |
r-patched-linux-x86_64 | 5.2.11 | 33.63 | 178.30 | 211.93 | NOTE | |
r-release-linux-x86_64 | 5.2.11 | 25.26 | 178.07 | 203.33 | NOTE | |
r-release-macos-arm64 | 5.2.11 | 105.00 | OK | |||
r-release-macos-x86_64 | 5.2.11 | 161.00 | OK | |||
r-release-windows-x86_64 | 5.2.11 | 28.00 | 228.00 | 256.00 | OK | |
r-oldrel-macos-arm64 | 5.2.11 | 86.00 | OK | |||
r-oldrel-macos-x86_64 | 5.2.11 | 233.00 | OK | |||
r-oldrel-windows-x86_64 | 5.2.11 | 32.00 | 277.00 | 309.00 | OK |
Version: 5.2.11
Check: package dependencies
Result: NOTE
Package suggested but not available for checking: ‘h2o’
Flavors: r-patched-linux-x86_64, r-release-linux-x86_64