CRAN Package Check Results for Package kernhaz

Last updated on 2025-01-22 09:49:37 CET.

Flavor Version Tinstall Tcheck Ttotal Status Flags
r-devel-linux-x86_64-debian-clang 0.1.0 5.31 48.40 53.71 OK
r-devel-linux-x86_64-debian-gcc 0.1.0 3.82 36.47 40.29 OK
r-devel-linux-x86_64-fedora-clang 0.1.0 85.53 OK
r-devel-linux-x86_64-fedora-gcc 0.1.0 81.23 OK
r-devel-windows-x86_64 0.1.0 6.00 66.00 72.00 OK
r-patched-linux-x86_64 0.1.0 5.16 46.59 51.75 NOTE
r-release-linux-x86_64 0.1.0 5.25 48.44 53.69 NOTE
r-release-macos-arm64 0.1.0 27.00 NOTE
r-release-macos-x86_64 0.1.0 42.00 NOTE
r-release-windows-x86_64 0.1.0 7.00 66.00 73.00 NOTE
r-oldrel-macos-arm64 0.1.0 30.00 NOTE
r-oldrel-macos-x86_64 0.1.0 45.00 NOTE
r-oldrel-windows-x86_64 0.1.0 8.00 78.00 86.00 NOTE

Check Details

Version: 0.1.0
Check: LazyData
Result: NOTE 'LazyData' is specified without a 'data' directory Flavors: r-patched-linux-x86_64, r-release-linux-x86_64, r-release-macos-arm64, r-release-macos-x86_64, r-release-windows-x86_64, r-oldrel-macos-arm64, r-oldrel-macos-x86_64, r-oldrel-windows-x86_64