CRAN Package Check Results for Package ipsRdbs

Last updated on 2025-01-18 15:48:24 CET.

Flavor Version Tinstall Tcheck Ttotal Status Flags
r-devel-linux-x86_64-debian-clang 1.0.0 5.24 167.66 172.90 OK
r-devel-linux-x86_64-debian-gcc 1.0.0 4.06 120.08 124.14 OK
r-devel-linux-x86_64-fedora-clang 1.0.0 286.16 OK
r-devel-linux-x86_64-fedora-gcc 1.0.0 285.72 OK
r-devel-windows-x86_64 1.0.0 6.00 128.00 134.00 OK
r-patched-linux-x86_64 1.0.0 4.75 156.46 161.21 OK
r-release-linux-x86_64 1.0.0 4.98 156.90 161.88 OK
r-release-macos-arm64 1.0.0 61.00 NOTE
r-release-macos-x86_64 1.0.0 96.00 NOTE
r-release-windows-x86_64 1.0.0 7.00 134.00 141.00 NOTE
r-oldrel-macos-arm64 1.0.0 62.00 NOTE
r-oldrel-macos-x86_64 1.0.0 109.00 NOTE
r-oldrel-windows-x86_64 1.0.0 8.00 146.00 154.00 NOTE

Check Details

Version: 1.0.0
Check: installed package size
Result: NOTE installed size is 5.6Mb sub-directories of 1Mb or more: doc 5.2Mb Flavors: r-release-macos-arm64, r-release-macos-x86_64, r-release-windows-x86_64, r-oldrel-macos-arm64, r-oldrel-macos-x86_64, r-oldrel-windows-x86_64