CRAN Package Check Results for Package imt

Last updated on 2025-01-23 21:49:15 CET.

Flavor Version Tinstall Tcheck Ttotal Status Flags
r-devel-linux-x86_64-debian-clang 1.0.0 501.36 172.53 673.89 OK
r-devel-linux-x86_64-debian-gcc 1.0.0 462.21 167.78 629.99 NOTE
r-devel-linux-x86_64-fedora-clang 1.0.0 1068.65 OK
r-devel-linux-x86_64-fedora-gcc 1.0.0 1507.45 OK
r-devel-windows-x86_64 1.0.0 511.00 235.00 746.00 OK
r-patched-linux-x86_64 1.0.0 611.82 218.80 830.62 NOTE
r-release-linux-x86_64 1.0.0 564.56 218.36 782.92 NOTE
r-release-macos-arm64 1.0.0 263.00 NOTE
r-release-macos-x86_64 1.0.0 308.00 NOTE
r-release-windows-x86_64 1.0.0 491.00 227.00 718.00 NOTE
r-oldrel-macos-arm64 1.0.0 300.00 NOTE
r-oldrel-macos-x86_64 1.0.0 309.00 NOTE
r-oldrel-windows-x86_64 1.0.0 656.00 281.00 937.00 NOTE

Additional issues

M1mac M1mac

Check Details

Version: 1.0.0
Check: DESCRIPTION meta-information
Result: NOTE Missing dependency on R >= 4.1.0 because package code uses the pipe |> or function shorthand \(...) syntax added in R 4.1.0. File(s) using such syntax: ‘blm.R’ ‘checkBaseline.R’ ‘cleaning.R’ ‘countMissing.R’ ‘getStanParameter.R’ ‘logit.R’ ‘negativeBionomial.R’ Flavor: r-devel-linux-x86_64-debian-gcc

Version: 1.0.0
Check: for GNU extensions in Makefiles
Result: NOTE GNU make is a SystemRequirements. Flavors: r-patched-linux-x86_64, r-release-linux-x86_64, r-release-macos-arm64, r-release-macos-x86_64, r-release-windows-x86_64, r-oldrel-macos-arm64, r-oldrel-macos-x86_64, r-oldrel-windows-x86_64

Version: 1.0.0
Check: installed package size
Result: NOTE installed size is 93.4Mb sub-directories of 1Mb or more: libs 92.7Mb Flavors: r-release-macos-arm64, r-release-macos-x86_64, r-release-windows-x86_64, r-oldrel-macos-arm64, r-oldrel-macos-x86_64, r-oldrel-windows-x86_64