Last updated on 2025-05-09 06:49:20 CEST.
Flavor | Version | Tinstall | Tcheck | Ttotal | Status | Flags |
---|---|---|---|---|---|---|
r-devel-linux-x86_64-debian-clang | 3.0.3 | 7.75 | 73.96 | 81.71 | OK | |
r-devel-linux-x86_64-debian-gcc | 3.0.3 | 5.16 | 51.64 | 56.80 | OK | |
r-devel-linux-x86_64-fedora-clang | 3.0.3 | 113.45 | OK | |||
r-devel-linux-x86_64-fedora-gcc | 3.0.3 | 125.04 | OK | |||
r-devel-windows-x86_64 | 3.0.3 | 9.00 | 80.00 | 89.00 | OK | |
r-patched-linux-x86_64 | 3.0.3 | 7.55 | 67.85 | 75.40 | OK | |
r-release-linux-x86_64 | 3.0.3 | 7.32 | 66.81 | 74.13 | OK | |
r-release-macos-arm64 | 3.0.3 | 33.00 | OK | |||
r-release-macos-x86_64 | 3.0.3 | 72.00 | OK | |||
r-release-windows-x86_64 | 3.0.3 | 10.00 | 82.00 | 92.00 | OK | |
r-oldrel-macos-arm64 | 3.0.3 | 33.00 | NOTE | |||
r-oldrel-macos-x86_64 | 3.0.3 | 50.00 | NOTE | |||
r-oldrel-windows-x86_64 | 3.0.3 | 14.00 | 99.00 | 113.00 | NOTE |
Version: 3.0.3
Check: LazyData
Result: NOTE
'LazyData' is specified without a 'data' directory
Flavors: r-oldrel-macos-arm64, r-oldrel-macos-x86_64, r-oldrel-windows-x86_64