Last updated on 2025-01-20 21:48:24 CET.
Flavor | Version | Tinstall | Tcheck | Ttotal | Status | Flags |
---|---|---|---|---|---|---|
r-devel-linux-x86_64-debian-clang | 2.3.4 | 6.88 | 53.75 | 60.63 | OK | |
r-devel-linux-x86_64-debian-gcc | 2.3.4 | 5.67 | 43.58 | 49.25 | OK | |
r-devel-linux-x86_64-fedora-clang | 2.3.4 | 98.15 | OK | |||
r-devel-linux-x86_64-fedora-gcc | 2.3.4 | 110.62 | OK | |||
r-devel-windows-x86_64 | 2.3.4 | 27.00 | 86.00 | 113.00 | OK | |
r-patched-linux-x86_64 | 2.3.4 | 7.13 | 51.36 | 58.49 | OK | |
r-release-linux-x86_64 | 2.3.4 | 6.75 | 50.90 | 57.65 | OK | |
r-release-macos-arm64 | 2.3.4 | 46.00 | NOTE | |||
r-release-macos-x86_64 | 2.3.4 | 67.00 | NOTE | |||
r-release-windows-x86_64 | 2.3.4 | 30.00 | 85.00 | 115.00 | OK | |
r-oldrel-macos-arm64 | 2.3.4 | 57.00 | NOTE | |||
r-oldrel-macos-x86_64 | 2.3.4 | 80.00 | NOTE | |||
r-oldrel-windows-x86_64 | 2.3.4 | 30.00 | 90.00 | 120.00 | OK |
Version: 2.3.4
Check: installed package size
Result: NOTE
installed size is 7.1Mb
sub-directories of 1Mb or more:
libs 5.2Mb
Flavors: r-release-macos-arm64, r-release-macos-x86_64, r-oldrel-macos-arm64, r-oldrel-macos-x86_64