Last updated on 2025-01-19 09:48:22 CET.
Flavor | Version | Tinstall | Tcheck | Ttotal | Status | Flags |
---|---|---|---|---|---|---|
r-devel-linux-x86_64-debian-clang | 0.1.0 | 189.35 | 253.66 | 443.01 | OK | |
r-devel-linux-x86_64-debian-gcc | 0.1.0 | 159.04 | 176.65 | 335.69 | OK | |
r-devel-linux-x86_64-fedora-clang | 0.1.0 | 703.89 | OK | |||
r-devel-linux-x86_64-fedora-gcc | 0.1.0 | 819.59 | OK | |||
r-devel-windows-x86_64 | 0.1.0 | 169.00 | 258.00 | 427.00 | OK | |
r-patched-linux-x86_64 | 0.1.0 | 209.41 | 245.62 | 455.03 | NOTE | |
r-release-linux-x86_64 | 0.1.0 | 211.32 | 253.23 | 464.55 | NOTE | |
r-release-macos-arm64 | 0.1.0 | 126.00 | NOTE | |||
r-release-macos-x86_64 | 0.1.0 | 293.00 | NOTE | |||
r-release-windows-x86_64 | 0.1.0 | 173.00 | 255.00 | 428.00 | NOTE | |
r-oldrel-macos-arm64 | 0.1.0 | 163.00 | NOTE | |||
r-oldrel-macos-x86_64 | 0.1.0 | 256.00 | NOTE | |||
r-oldrel-windows-x86_64 | 0.1.0 | 239.00 | 327.00 | 566.00 | NOTE |
Version: 0.1.0
Check: for GNU extensions in Makefiles
Result: NOTE
GNU make is a SystemRequirements.
Flavors: r-patched-linux-x86_64, r-release-linux-x86_64, r-release-macos-arm64, r-release-macos-x86_64, r-release-windows-x86_64, r-oldrel-macos-arm64, r-oldrel-macos-x86_64, r-oldrel-windows-x86_64
Version: 0.1.0
Check: installed package size
Result: NOTE
installed size is 83.4Mb
sub-directories of 1Mb or more:
libs 82.9Mb
Flavors: r-release-macos-arm64, r-release-macos-x86_64, r-oldrel-macos-arm64, r-oldrel-macos-x86_64