Last updated on 2025-01-23 21:49:15 CET.
Flavor | Version | Tinstall | Tcheck | Ttotal | Status | Flags |
---|---|---|---|---|---|---|
r-devel-linux-x86_64-debian-clang | 0.3.2 | 9.59 | 148.86 | 158.45 | OK | |
r-devel-linux-x86_64-debian-gcc | 0.3.2 | 6.44 | 106.16 | 112.60 | NOTE | |
r-devel-linux-x86_64-fedora-clang | 0.3.2 | 249.68 | OK | |||
r-devel-linux-x86_64-fedora-gcc | 0.3.2 | 244.82 | OK | |||
r-devel-windows-x86_64 | 0.3.2 | 11.00 | 155.00 | 166.00 | OK | |
r-patched-linux-x86_64 | 0.3.2 | 9.44 | 137.92 | 147.36 | OK | |
r-release-linux-x86_64 | 0.3.2 | 8.79 | 138.56 | 147.35 | OK | |
r-release-macos-arm64 | 0.3.2 | 74.00 | OK | |||
r-release-macos-x86_64 | 0.3.2 | 118.00 | OK | |||
r-release-windows-x86_64 | 0.3.2 | 10.00 | 150.00 | 160.00 | OK | |
r-oldrel-macos-arm64 | 0.3.2 | 77.00 | OK | |||
r-oldrel-macos-x86_64 | 0.3.2 | 190.00 | OK | |||
r-oldrel-windows-x86_64 | 0.3.2 | 15.00 | 182.00 | 197.00 | OK |
Version: 0.3.2
Check: DESCRIPTION meta-information
Result: NOTE
Missing dependency on R >= 4.1.0 because package code uses the pipe
|> or function shorthand \(...) syntax added in R 4.1.0.
File(s) using such syntax:
‘maps.R’ ‘utils.R’
Flavor: r-devel-linux-x86_64-debian-gcc