Last updated on 2025-01-25 03:49:53 CET.
Flavor | Version | Tinstall | Tcheck | Ttotal | Status | Flags |
---|---|---|---|---|---|---|
r-devel-linux-x86_64-debian-clang | 0.4.9 | 6.34 | 47.70 | 54.04 | OK | |
r-devel-linux-x86_64-debian-gcc | 0.4.9 | 4.71 | 35.42 | 40.13 | OK | |
r-devel-linux-x86_64-fedora-clang | 0.4.9 | 90.35 | OK | |||
r-devel-linux-x86_64-fedora-gcc | 0.4.9 | 79.85 | OK | |||
r-devel-windows-x86_64 | 0.4.9 | 9.00 | 65.00 | 74.00 | OK | |
r-patched-linux-x86_64 | 0.4.9 | 5.06 | 45.91 | 50.97 | NOTE | |
r-release-linux-x86_64 | 0.4.9 | 4.68 | 45.63 | 50.31 | NOTE | |
r-release-macos-arm64 | 0.4.9 | 27.00 | NOTE | |||
r-release-macos-x86_64 | 0.4.9 | 43.00 | NOTE | |||
r-release-windows-x86_64 | 0.4.9 | 9.00 | 64.00 | 73.00 | NOTE | |
r-oldrel-macos-arm64 | 0.4.9 | 28.00 | NOTE | |||
r-oldrel-macos-x86_64 | 0.4.9 | 43.00 | NOTE | |||
r-oldrel-windows-x86_64 | 0.4.9 | 8.00 | 70.00 | 78.00 | NOTE |
Version: 0.4.9
Check: LazyData
Result: NOTE
'LazyData' is specified without a 'data' directory
Flavors: r-patched-linux-x86_64, r-release-linux-x86_64, r-release-macos-arm64, r-release-macos-x86_64, r-release-windows-x86_64, r-oldrel-macos-arm64, r-oldrel-macos-x86_64, r-oldrel-windows-x86_64