Last updated on 2025-01-16 07:50:17 CET.
Flavor | Version | Tinstall | Tcheck | Ttotal | Status | Flags |
---|---|---|---|---|---|---|
r-devel-linux-x86_64-debian-clang | 0.5.5 | 236.75 | 393.14 | 629.89 | OK | |
r-devel-linux-x86_64-debian-gcc | 0.5.5 | 189.41 | 265.28 | 454.69 | OK | |
r-devel-linux-x86_64-fedora-clang | 0.5.5 | 1047.69 | OK | |||
r-devel-linux-x86_64-fedora-gcc | 0.5.5 | 1137.41 | OK | |||
r-devel-windows-x86_64 | 0.5.5 | 261.00 | 415.00 | 676.00 | OK | |
r-patched-linux-x86_64 | 0.5.5 | 267.83 | 342.45 | 610.28 | OK | |
r-release-linux-x86_64 | 0.5.5 | 263.54 | 347.36 | 610.90 | OK | |
r-release-macos-arm64 | 0.5.5 | 257.00 | NOTE | |||
r-release-macos-x86_64 | 0.5.5 | 425.00 | NOTE | |||
r-release-windows-x86_64 | 0.5.5 | 261.00 | 426.00 | 687.00 | NOTE | |
r-oldrel-macos-arm64 | 0.5.5 | 262.00 | NOTE | |||
r-oldrel-macos-x86_64 | 0.5.5 | 405.00 | NOTE | |||
r-oldrel-windows-x86_64 | 0.5.5 | 273.00 | 499.00 | 772.00 | NOTE |
Version: 0.5.5
Check: installed package size
Result: NOTE
installed size is 23.8Mb
sub-directories of 1Mb or more:
doc 2.2Mb
libs 19.7Mb
Flavors: r-release-macos-arm64, r-release-macos-x86_64, r-release-windows-x86_64, r-oldrel-macos-arm64, r-oldrel-macos-x86_64, r-oldrel-windows-x86_64