Last updated on 2025-01-18 21:48:24 CET.
Flavor | Version | Tinstall | Tcheck | Ttotal | Status | Flags |
---|---|---|---|---|---|---|
r-devel-linux-x86_64-debian-clang | 1.0.0 | 50.22 | 76.17 | 126.39 | OK | |
r-devel-linux-x86_64-debian-gcc | 1.0.0 | 36.09 | 52.34 | 88.43 | OK | |
r-devel-linux-x86_64-fedora-clang | 1.0.0 | 218.44 | OK | |||
r-devel-linux-x86_64-fedora-gcc | 1.0.0 | 221.29 | OK | |||
r-devel-windows-x86_64 | 1.0.0 | 59.00 | 114.00 | 173.00 | OK | |
r-patched-linux-x86_64 | 1.0.0 | 53.60 | 70.44 | 124.04 | OK | |
r-release-linux-x86_64 | 1.0.0 | 50.14 | 68.66 | 118.80 | OK | |
r-release-macos-arm64 | 1.0.0 | 59.00 | NOTE | |||
r-release-macos-x86_64 | 1.0.0 | 77.00 | NOTE | |||
r-release-windows-x86_64 | 1.0.0 | 60.00 | 111.00 | 171.00 | OK | |
r-oldrel-macos-arm64 | 1.0.0 | 67.00 | NOTE | |||
r-oldrel-macos-x86_64 | 1.0.0 | 100.00 | NOTE | |||
r-oldrel-windows-x86_64 | 1.0.0 | 68.00 | 136.00 | 204.00 | OK |
Version: 1.0.0
Check: installed package size
Result: NOTE
installed size is 5.8Mb
sub-directories of 1Mb or more:
data 3.0Mb
libs 2.5Mb
Flavors: r-release-macos-arm64, r-release-macos-x86_64, r-oldrel-macos-arm64, r-oldrel-macos-x86_64