CRAN Package Check Results for Package habCluster

Last updated on 2025-01-23 18:50:26 CET.

Flavor Version Tinstall Tcheck Ttotal Status Flags
r-devel-linux-x86_64-debian-clang 1.0.5 40.78 272.47 313.25 NOTE
r-devel-linux-x86_64-debian-gcc 1.0.5 22.94 177.89 200.83 NOTE
r-devel-linux-x86_64-fedora-clang 1.0.5 505.76 OK
r-devel-linux-x86_64-fedora-gcc 1.0.5 482.43 OK
r-devel-windows-x86_64 1.0.5 37.00 225.00 262.00 NOTE
r-patched-linux-x86_64 1.0.5 39.40 260.62 300.02 OK
r-release-linux-x86_64 1.0.5 37.40 257.59 294.99 OK
r-release-macos-arm64 1.0.5 118.00 OK
r-release-macos-x86_64 1.0.5 189.00 OK
r-release-windows-x86_64 1.0.5 35.00 219.00 254.00 OK
r-oldrel-macos-arm64 1.0.5 131.00 OK
r-oldrel-macos-x86_64 1.0.5 224.00 OK
r-oldrel-windows-x86_64 1.0.5 49.00 300.00 349.00 OK

Check Details

Version: 1.0.5
Check: Rd cross-references
Result: NOTE Found the following Rd file(s) with Rd \link{} targets missing package anchors: habCluster-package.Rd: raster, Rcpp, igraph Please provide package anchors for all Rd \link{} targets not in the package itself and the base packages. Flavors: r-devel-linux-x86_64-debian-clang, r-devel-linux-x86_64-debian-gcc, r-devel-windows-x86_64