Last updated on 2025-01-25 09:49:17 CET.
Flavor | Version | Tinstall | Tcheck | Ttotal | Status | Flags |
---|---|---|---|---|---|---|
r-devel-linux-x86_64-debian-clang | 0.0.4 | 21.91 | 345.59 | 367.50 | OK | |
r-devel-linux-x86_64-debian-gcc | 0.0.4 | 15.99 | 217.59 | 233.58 | OK | |
r-devel-linux-x86_64-fedora-clang | 0.0.4 | 606.41 | OK | |||
r-devel-linux-x86_64-fedora-gcc | 0.0.4 | 598.63 | OK | |||
r-devel-windows-x86_64 | 0.0.4 | 26.00 | 329.00 | 355.00 | OK | |
r-patched-linux-x86_64 | 0.0.4 | 24.82 | 324.62 | 349.44 | OK | |
r-release-linux-x86_64 | 0.0.4 | 22.79 | 324.76 | 347.55 | OK | |
r-release-macos-arm64 | 0.0.4 | 152.00 | NOTE | |||
r-release-macos-x86_64 | 0.0.4 | 269.00 | OK | |||
r-release-windows-x86_64 | 0.0.4 | 26.00 | 313.00 | 339.00 | OK | |
r-oldrel-macos-arm64 | 0.0.4 | 159.00 | NOTE | |||
r-oldrel-macos-x86_64 | 0.0.4 | 336.00 | OK | |||
r-oldrel-windows-x86_64 | 0.0.4 | 31.00 | 425.00 | 456.00 | OK |
Version: 0.0.4
Check: installed package size
Result: NOTE
installed size is 5.0Mb
sub-directories of 1Mb or more:
doc 1.6Mb
libs 2.4Mb
Flavors: r-release-macos-arm64, r-oldrel-macos-arm64