Last updated on 2025-01-26 03:49:49 CET.
Flavor | Version | Tinstall | Tcheck | Ttotal | Status | Flags |
---|---|---|---|---|---|---|
r-devel-linux-x86_64-debian-clang | 1.1 | 21.86 | 65.75 | 87.61 | OK | |
r-devel-linux-x86_64-debian-gcc | 1.1 | 16.55 | 46.59 | 63.14 | OK | |
r-devel-linux-x86_64-fedora-clang | 1.1 | 151.02 | OK | |||
r-devel-linux-x86_64-fedora-gcc | 1.1 | 143.54 | OK | |||
r-devel-windows-x86_64 | 1.1 | 25.00 | 100.00 | 125.00 | OK | |
r-patched-linux-x86_64 | 1.1 | 24.05 | 57.91 | 81.96 | OK | |
r-release-linux-x86_64 | 1.1 | 20.93 | 59.53 | 80.46 | OK | |
r-release-macos-arm64 | 1.0 | 43.00 | NOTE | |||
r-release-macos-x86_64 | 1.1 | 92.00 | NOTE | |||
r-release-windows-x86_64 | 1.1 | 25.00 | 101.00 | 126.00 | OK | |
r-oldrel-macos-arm64 | 1.0 | 48.00 | NOTE | |||
r-oldrel-macos-x86_64 | 1.0 | 82.00 | NOTE | |||
r-oldrel-windows-x86_64 | 1.1 | 34.00 | 121.00 | 155.00 | OK |
Version: 1.0
Check: installed package size
Result: NOTE
installed size is 5.6Mb
sub-directories of 1Mb or more:
data 4.2Mb
Flavors: r-release-macos-arm64, r-oldrel-macos-arm64, r-oldrel-macos-x86_64
Version: 1.1
Check: package dependencies
Result: NOTE
Packages suggested but not available for checking:
'org.Pt.eg.db', 'org.Mmu.eg.db', 'org.Dm.eg.db', 'org.Ce.eg.db'
Flavor: r-release-macos-x86_64
Version: 1.1
Check: installed package size
Result: NOTE
installed size is 5.6Mb
sub-directories of 1Mb or more:
data 4.2Mb
libs 1.0Mb
Flavor: r-release-macos-x86_64