CRAN Package Check Results for Package ggside

Last updated on 2025-01-20 09:49:08 CET.

Flavor Version Tinstall Tcheck Ttotal Status Flags
r-devel-linux-x86_64-debian-clang 0.3.1 13.25 183.55 196.80 NOTE
r-devel-linux-x86_64-debian-gcc 0.3.1 7.88 121.03 128.91 NOTE
r-devel-linux-x86_64-fedora-clang 0.3.1 310.98 OK
r-devel-linux-x86_64-fedora-gcc 0.3.1 305.17 OK
r-devel-windows-x86_64 0.3.1 13.00 223.00 236.00 NOTE
r-patched-linux-x86_64 0.3.1 17.21 169.42 186.63 OK
r-release-linux-x86_64 0.3.1 11.40 169.91 181.31 OK
r-release-macos-arm64 0.3.1 81.00 OK
r-release-macos-x86_64 0.3.1 128.00 OK
r-release-windows-x86_64 0.3.1 14.00 210.00 224.00 OK
r-oldrel-macos-arm64 0.3.1 84.00 OK
r-oldrel-macos-x86_64 0.3.1 174.00 OK
r-oldrel-windows-x86_64 0.3.1 16.00 248.00 264.00 OK

Check Details

Version: 0.3.1
Check: Rd cross-references
Result: NOTE Found the following Rd file(s) with Rd \link{} targets missing package anchors: geom_xsideabline.Rd: aes ggside-ggproto-facets.Rd: ggplot2 xside.Rd: ggplot2 yside.Rd: ggplot2 Please provide package anchors for all Rd \link{} targets not in the package itself and the base packages. Flavors: r-devel-linux-x86_64-debian-clang, r-devel-linux-x86_64-debian-gcc, r-devel-windows-x86_64