CRAN Package Check Results for Package ggpcp

Last updated on 2025-01-25 18:50:28 CET.

Flavor Version Tinstall Tcheck Ttotal Status Flags
r-devel-linux-x86_64-debian-clang 0.2.0 6.92 63.40 70.32 NOTE
r-devel-linux-x86_64-debian-gcc 0.2.0 4.65 45.39 50.04 NOTE
r-devel-linux-x86_64-fedora-clang 0.2.0 109.43 NOTE
r-devel-linux-x86_64-fedora-gcc 0.2.0 105.76 NOTE
r-devel-windows-x86_64 0.2.0 10.00 79.00 89.00 NOTE
r-patched-linux-x86_64 0.2.0 6.17 59.60 65.77 NOTE
r-release-linux-x86_64 0.2.0 5.55 58.84 64.39 NOTE
r-release-macos-arm64 0.2.0 33.00 NOTE
r-release-macos-x86_64 0.2.0 50.00 NOTE
r-release-windows-x86_64 0.2.0 8.00 74.00 82.00 NOTE
r-oldrel-macos-arm64 0.2.0 34.00 OK
r-oldrel-macos-x86_64 0.2.0 53.00 OK
r-oldrel-windows-x86_64 0.2.0 9.00 90.00 99.00 OK

Check Details

Version: 0.2.0
Check: Rd files
Result: NOTE checkRd: (-1) pcp_scale.Rd:50: Lost braces in \itemize; meant \describe ? checkRd: (-1) pcp_scale.Rd:51: Lost braces in \itemize; meant \describe ? checkRd: (-1) pcp_scale.Rd:52: Lost braces in \itemize; meant \describe ? checkRd: (-1) pcp_scale.Rd:53: Lost braces in \itemize; meant \describe ? checkRd: (-1) pcp_scale.Rd:54-55: Lost braces in \itemize; meant \describe ? Flavors: r-devel-linux-x86_64-debian-clang, r-devel-linux-x86_64-debian-gcc, r-devel-linux-x86_64-fedora-clang, r-devel-linux-x86_64-fedora-gcc, r-devel-windows-x86_64, r-patched-linux-x86_64, r-release-linux-x86_64, r-release-macos-arm64, r-release-macos-x86_64, r-release-windows-x86_64