CRAN Package Check Results for Package ggautomap

Last updated on 2025-04-30 04:50:06 CEST.

Flavor Version Tinstall Tcheck Ttotal Status Flags
r-devel-linux-x86_64-debian-clang 0.3.2 8.62 108.84 117.46 NOTE
r-devel-linux-x86_64-debian-gcc 0.3.2 5.89 76.84 82.73 NOTE
r-devel-linux-x86_64-fedora-clang 0.3.2 166.16 OK
r-devel-linux-x86_64-fedora-gcc 0.3.2 177.67 OK
r-devel-windows-x86_64 0.3.2 10.00 117.00 127.00 NOTE
r-patched-linux-x86_64 0.3.2 8.44 99.83 108.27 NOTE
r-release-linux-x86_64 0.3.2 7.54 100.74 108.28 NOTE
r-release-macos-arm64 0.3.2 64.00 OK
r-release-macos-x86_64 0.3.2 98.00 OK
r-release-windows-x86_64 0.3.2 11.00 116.00 127.00 NOTE
r-oldrel-macos-arm64 0.3.2 51.00 OK
r-oldrel-macos-x86_64 0.3.2 83.00 OK
r-oldrel-windows-x86_64 0.3.2 12.00 145.00 157.00 OK

Check Details

Version: 0.3.2
Check: Rd cross-references
Result: NOTE Found the following Rd file(s) with Rd \link{} targets missing package anchors: stat_automap.Rd: cartographer stat_automap_coords.Rd: cartographer Please provide package anchors for all Rd \link{} targets not in the package itself and the base packages. Flavors: r-devel-linux-x86_64-debian-clang, r-devel-linux-x86_64-debian-gcc, r-devel-windows-x86_64, r-patched-linux-x86_64, r-release-linux-x86_64, r-release-windows-x86_64

Version: 0.3.2
Check: examples
Result: NOTE Examples with CPU (user + system) or elapsed time > 5s user system elapsed geoscatter 4.515 0.320 5.856 position_circle_repel 0.978 0.028 10.765 Flavor: r-devel-linux-x86_64-debian-clang