Last updated on 2025-01-15 06:48:23 CET.
Flavor | Version | Tinstall | Tcheck | Ttotal | Status | Flags |
---|---|---|---|---|---|---|
r-devel-linux-x86_64-debian-clang | 1.3.0 | 11.93 | 93.78 | 105.71 | NOTE | |
r-devel-linux-x86_64-debian-gcc | 1.3.0 | 8.36 | 65.60 | 73.96 | NOTE | |
r-devel-linux-x86_64-fedora-clang | 1.3.0 | 169.88 | NOTE | |||
r-devel-linux-x86_64-fedora-gcc | 1.3.0 | 165.01 | NOTE | |||
r-devel-windows-x86_64 | 1.3.0 | 14.00 | 101.00 | 115.00 | NOTE | |
r-patched-linux-x86_64 | 1.3.0 | 9.27 | 87.99 | 97.26 | NOTE | |
r-release-linux-x86_64 | 1.3.0 | 11.37 | 87.48 | 98.85 | NOTE | |
r-release-macos-arm64 | 1.3.0 | 45.00 | NOTE | |||
r-release-macos-x86_64 | 1.3.0 | 67.00 | NOTE | |||
r-release-windows-x86_64 | 1.3.0 | 13.00 | 97.00 | 110.00 | NOTE | |
r-oldrel-macos-arm64 | 1.3.0 | 48.00 | OK | |||
r-oldrel-macos-x86_64 | 1.3.0 | 82.00 | OK | |||
r-oldrel-windows-x86_64 | 1.3.0 | 13.00 | 119.00 | 132.00 | OK |
Version: 1.3.0
Check: Rd files
Result: NOTE
checkRd: (-1) gestMultiple.Rd:80: Lost braces in \itemize; meant \describe ?
checkRd: (-1) gestMultiple.Rd:81-83: Lost braces in \itemize; meant \describe ?
checkRd: (-1) gestMultiple.Rd:84-86: Lost braces in \itemize; meant \describe ?
checkRd: (-1) gestMultiple.Rd:87-90: Lost braces in \itemize; meant \describe ?
checkRd: (-1) gestSingle.Rd:74: Lost braces in \itemize; meant \describe ?
checkRd: (-1) gestSingle.Rd:75-78: Lost braces in \itemize; meant \describe ?
checkRd: (-1) gestSingle.Rd:79-80: Lost braces in \itemize; meant \describe ?
checkRd: (-1) gestSingle.Rd:81-84: Lost braces in \itemize; meant \describe ?
Flavors: r-devel-linux-x86_64-debian-clang, r-devel-linux-x86_64-debian-gcc, r-devel-linux-x86_64-fedora-clang, r-devel-linux-x86_64-fedora-gcc, r-devel-windows-x86_64, r-patched-linux-x86_64, r-release-linux-x86_64, r-release-macos-arm64, r-release-macos-x86_64, r-release-windows-x86_64