CRAN Package Check Results for Package genomic.autocorr

Last updated on 2025-01-21 21:49:11 CET.

Flavor Version Tinstall Tcheck Ttotal Status Flags
r-devel-linux-x86_64-debian-clang 1.0-1 2.64 42.37 45.01 OK
r-devel-linux-x86_64-debian-gcc 1.0-1 1.72 31.22 32.94 OK
r-devel-linux-x86_64-fedora-clang 1.0-1 71.77 OK
r-devel-linux-x86_64-fedora-gcc 1.0-1 67.45 OK
r-devel-windows-x86_64 1.0-1 4.00 59.00 63.00 OK
r-patched-linux-x86_64 1.0-1 2.61 38.88 41.49 NOTE
r-release-linux-x86_64 1.0-1 2.46 38.95 41.41 NOTE
r-release-macos-arm64 1.0-1 22.00 NOTE
r-release-macos-x86_64 1.0-1 48.00 NOTE
r-release-windows-x86_64 1.0-1 3.00 59.00 62.00 NOTE
r-oldrel-macos-arm64 1.0-1 24.00 NOTE
r-oldrel-macos-x86_64 1.0-1 37.00 NOTE
r-oldrel-windows-x86_64 1.0-1 4.00 70.00 74.00 NOTE

Check Details

Version: 1.0-1
Check: LazyData
Result: NOTE 'LazyData' is specified without a 'data' directory Flavors: r-patched-linux-x86_64, r-release-linux-x86_64, r-release-macos-arm64, r-release-macos-x86_64, r-release-windows-x86_64, r-oldrel-macos-arm64, r-oldrel-macos-x86_64, r-oldrel-windows-x86_64