CRAN Package Check Results for Package gamlss.add

Last updated on 2025-01-20 19:49:14 CET.

Flavor Version Tinstall Tcheck Ttotal Status Flags
r-devel-linux-x86_64-debian-clang 5.1-13 8.16 71.43 79.59 NOTE
r-devel-linux-x86_64-debian-gcc 5.1-13 6.58 53.94 60.52 NOTE
r-devel-linux-x86_64-fedora-clang 5.1-13 125.45 OK
r-devel-linux-x86_64-fedora-gcc 5.1-13 122.02 OK
r-devel-windows-x86_64 5.1-13 10.00 84.00 94.00 NOTE
r-patched-linux-x86_64 5.1-13 11.94 66.15 78.09 OK
r-release-linux-x86_64 5.1-13 7.86 66.71 74.57 OK
r-release-macos-arm64 5.1-13 40.00 OK
r-release-macos-x86_64 5.1-13 56.00 OK
r-release-windows-x86_64 5.1-13 10.00 145.00 155.00 OK
r-oldrel-macos-arm64 5.1-13 45.00 OK
r-oldrel-macos-x86_64 5.1-13 87.00 OK
r-oldrel-windows-x86_64 5.1-13 8.00 103.00 111.00 OK

Check Details

Version: 5.1-13
Check: Rd cross-references
Result: NOTE Found the following Rd file(s) with Rd \link{} targets missing package anchors: centilesTwo.Rd: centiles Please provide package anchors for all Rd \link{} targets not in the package itself and the base packages. Flavors: r-devel-linux-x86_64-debian-clang, r-devel-linux-x86_64-debian-gcc, r-devel-windows-x86_64