CRAN Package Check Results for Package fscaret

Last updated on 2025-01-22 21:49:41 CET.

Flavor Version Tinstall Tcheck Ttotal Status Flags
r-devel-linux-x86_64-debian-clang 0.9.4.4 16.04 116.61 132.65 OK
r-devel-linux-x86_64-debian-gcc 0.9.4.4 13.01 86.30 99.31 OK
r-devel-linux-x86_64-fedora-clang 0.9.4.4 220.57 OK
r-devel-linux-x86_64-fedora-gcc 0.9.4.4 221.27 OK
r-devel-windows-x86_64 0.9.4.4 15.00 127.00 142.00 OK
r-patched-linux-x86_64 0.9.4.4 15.39 110.68 126.07 NOTE
r-release-linux-x86_64 0.9.4.4 13.99 108.76 122.75 NOTE
r-release-macos-arm64 0.9.4.4 62.00 NOTE
r-release-macos-x86_64 0.9.4.4 101.00 NOTE
r-release-windows-x86_64 0.9.4.4 15.00 128.00 143.00 NOTE
r-oldrel-macos-arm64 0.9.4.4 73.00 NOTE
r-oldrel-macos-x86_64 0.9.4.4 122.00 NOTE
r-oldrel-windows-x86_64 0.9.4.4 19.00 150.00 169.00 NOTE

Check Details

Version: 0.9.4.4
Check: package dependencies
Result: NOTE Packages suggested but not available for checking: 'extraTrees', 'foba', 'nodeHarvest', 'obliqueRF', 'penalizedLDA', 'relaxo', 'rrlda' Flavors: r-patched-linux-x86_64, r-release-linux-x86_64

Version: 0.9.4.4
Check: package dependencies
Result: NOTE Packages suggested but not available for checking: 'extraTrees', 'foba', 'nodeHarvest', 'obliqueRF', 'relaxo', 'rrlda' Flavors: r-release-macos-arm64, r-release-macos-x86_64, r-release-windows-x86_64, r-oldrel-macos-arm64, r-oldrel-macos-x86_64, r-oldrel-windows-x86_64