CRAN Package Check Results for Package forecastML

Last updated on 2025-04-18 16:49:38 CEST.

Flavor Version Tinstall Tcheck Ttotal Status Flags
r-devel-linux-x86_64-debian-clang 0.9.0 11.59 437.12 448.71 OK
r-devel-linux-x86_64-debian-gcc 0.9.0 7.60 291.95 299.55 OK
r-devel-linux-x86_64-fedora-clang 0.9.0 674.41 NOTE
r-devel-linux-x86_64-fedora-gcc 0.9.0 644.69 NOTE
r-devel-windows-x86_64 0.9.0 14.00 312.00 326.00 OK
r-patched-linux-x86_64 0.9.0 11.47 406.27 417.74 OK
r-release-linux-x86_64 0.9.0 10.67 412.62 423.29 OK
r-release-macos-arm64 0.9.0 231.00 OK
r-release-macos-x86_64 0.9.0 491.00 OK
r-release-windows-x86_64 0.9.0 15.00 313.00 328.00 OK
r-oldrel-macos-arm64 0.9.0 212.00 OK
r-oldrel-macos-x86_64 0.9.0 387.00 OK
r-oldrel-windows-x86_64 0.9.0 17.00 393.00 410.00 OK

Check Details

Version: 0.9.0
Check: dependencies in R code
Result: NOTE Namespace in Imports field not imported from: ‘dtplyr’ All declared Imports should be used. Flavors: r-devel-linux-x86_64-fedora-clang, r-devel-linux-x86_64-fedora-gcc