Last updated on 2025-01-25 18:50:27 CET.
Flavor | Version | Tinstall | Tcheck | Ttotal | Status | Flags |
---|---|---|---|---|---|---|
r-devel-linux-x86_64-debian-clang | 1.5.5 | 6.10 | 53.65 | 59.75 | NOTE | |
r-devel-linux-x86_64-debian-gcc | 1.5.5 | 4.58 | 38.16 | 42.74 | NOTE | |
r-devel-linux-x86_64-fedora-clang | 1.5.5 | 94.10 | OK | |||
r-devel-linux-x86_64-fedora-gcc | 1.5.5 | 86.48 | OK | |||
r-devel-windows-x86_64 | 1.5.5 | 8.00 | 69.00 | 77.00 | NOTE | |
r-patched-linux-x86_64 | 1.5.5 | 10.69 | 49.36 | 60.05 | OK | |
r-release-linux-x86_64 | 1.5.5 | 5.89 | 49.00 | 54.89 | OK | |
r-release-macos-arm64 | 1.5.5 | 29.00 | OK | |||
r-release-macos-x86_64 | 1.5.5 | 43.00 | OK | |||
r-release-windows-x86_64 | 1.5.5 | 6.00 | 67.00 | 73.00 | OK | |
r-oldrel-macos-arm64 | 1.5.5 | 34.00 | OK | |||
r-oldrel-macos-x86_64 | 1.5.5 | 60.00 | OK | |||
r-oldrel-windows-x86_64 | 1.5.5 | 9.00 | 77.00 | 86.00 | OK |
Version: 1.5.5
Check: Rd cross-references
Result: NOTE
Found the following Rd file(s) with Rd \link{} targets missing package
anchors:
scramblase_assay_plot.Rd: facet_wrap, ggplot, nlsLM, geom_line,
geom_segment, geom_point
Please provide package anchors for all Rd \link{} targets not in the
package itself and the base packages.
Flavors: r-devel-linux-x86_64-debian-clang, r-devel-linux-x86_64-debian-gcc, r-devel-windows-x86_64