Last updated on 2025-01-25 00:49:13 CET.
Flavor | Version | Tinstall | Tcheck | Ttotal | Status | Flags |
---|---|---|---|---|---|---|
r-devel-linux-x86_64-debian-clang | 1.0.6 | 46.48 | 380.74 | 427.22 | OK | |
r-devel-linux-x86_64-debian-gcc | 1.0.6 | 35.17 | 260.85 | 296.02 | OK | |
r-devel-linux-x86_64-fedora-clang | 1.0.6 | 702.35 | OK | |||
r-devel-linux-x86_64-fedora-gcc | 1.0.6 | 653.13 | OK | |||
r-devel-windows-x86_64 | 1.0.6 | 40.00 | 295.00 | 335.00 | OK | |
r-patched-linux-x86_64 | 1.0.6 | 51.56 | 361.03 | 412.59 | OK | |
r-release-linux-x86_64 | 1.0.6 | 45.29 | 359.88 | 405.17 | OK | |
r-release-macos-arm64 | 1.0.6 | 145.00 | NOTE | |||
r-release-macos-x86_64 | 1.0.6 | 230.00 | NOTE | |||
r-release-windows-x86_64 | 1.0.6 | 40.00 | 289.00 | 329.00 | NOTE | |
r-oldrel-macos-arm64 | 1.0.6 | 148.00 | NOTE | |||
r-oldrel-macos-x86_64 | 1.0.6 | 412.00 | NOTE | |||
r-oldrel-windows-x86_64 | 1.0.6 | 55.00 | 394.00 | 449.00 | NOTE |
Version: 1.0.6
Check: installed package size
Result: NOTE
installed size is 5.7Mb
sub-directories of 1Mb or more:
doc 4.0Mb
Flavors: r-release-macos-arm64, r-release-macos-x86_64, r-release-windows-x86_64, r-oldrel-macos-arm64, r-oldrel-macos-x86_64, r-oldrel-windows-x86_64