Last updated on 2025-01-25 09:49:15 CET.
Flavor | Version | Tinstall | Tcheck | Ttotal | Status | Flags |
---|---|---|---|---|---|---|
r-devel-linux-x86_64-debian-clang | 0.1.0 | 7.63 | 66.74 | 74.37 | NOTE | |
r-devel-linux-x86_64-debian-gcc | 0.1.0 | 5.26 | 47.20 | 52.46 | NOTE | |
r-devel-linux-x86_64-fedora-clang | 0.1.0 | 117.19 | OK | |||
r-devel-linux-x86_64-fedora-gcc | 0.1.0 | 123.03 | NOTE | |||
r-devel-windows-x86_64 | 0.1.0 | 10.00 | 82.00 | 92.00 | OK | |
r-patched-linux-x86_64 | 0.1.0 | 6.78 | 62.59 | 69.37 | OK | |
r-release-linux-x86_64 | 0.1.0 | 6.93 | 61.99 | 68.92 | OK | |
r-release-macos-arm64 | 0.1.0 | 37.00 | OK | |||
r-release-macos-x86_64 | 0.1.0 | 91.00 | OK | |||
r-release-windows-x86_64 | 0.1.0 | 9.00 | 83.00 | 92.00 | OK | |
r-oldrel-macos-arm64 | 0.1.0 | 43.00 | OK | |||
r-oldrel-macos-x86_64 | 0.1.0 | 72.00 | OK | |||
r-oldrel-windows-x86_64 | 0.1.0 | 12.00 | 99.00 | 111.00 | OK |
Version: 0.1.0
Check: DESCRIPTION meta-information
Result: NOTE
Missing dependency on R >= 4.1.0 because package code uses the pipe
|> or function shorthand \(...) syntax added in R 4.1.0.
File(s) using such syntax:
‘calc-squintability.R’ ‘get.R’ ‘plot-projection.R’
Flavors: r-devel-linux-x86_64-debian-clang, r-devel-linux-x86_64-debian-gcc, r-devel-linux-x86_64-fedora-gcc