CRAN Package Check Results for Package ezr

Last updated on 2025-01-15 03:49:39 CET.

Flavor Version Tinstall Tcheck Ttotal Status Flags
r-devel-linux-x86_64-debian-clang 0.1.5 6.55 51.70 58.25 OK
r-devel-linux-x86_64-debian-gcc 0.1.5 5.40 36.76 42.16 OK
r-devel-linux-x86_64-fedora-clang 0.1.5 96.91 OK
r-devel-linux-x86_64-fedora-gcc 0.1.5 87.84 OK
r-devel-windows-x86_64 0.1.5 10.00 74.00 84.00 OK
r-patched-linux-x86_64 0.1.5 6.87 48.45 55.32 NOTE
r-release-linux-x86_64 0.1.5 6.47 48.05 54.52 NOTE
r-release-macos-arm64 0.1.5 30.00 NOTE
r-release-macos-x86_64 0.1.5 42.00 NOTE
r-release-windows-x86_64 0.1.5 9.00 67.00 76.00 NOTE
r-oldrel-macos-arm64 0.1.5 30.00 NOTE
r-oldrel-macos-x86_64 0.1.5 44.00 NOTE
r-oldrel-windows-x86_64 0.1.5 11.00 78.00 89.00 NOTE

Check Details

Version: 0.1.5
Check: LazyData
Result: NOTE 'LazyData' is specified without a 'data' directory Flavors: r-patched-linux-x86_64, r-release-linux-x86_64, r-release-macos-arm64, r-release-macos-x86_64, r-release-windows-x86_64, r-oldrel-macos-arm64, r-oldrel-macos-x86_64, r-oldrel-windows-x86_64