Last updated on 2025-01-25 09:49:15 CET.
Flavor | Version | Tinstall | Tcheck | Ttotal | Status | Flags |
---|---|---|---|---|---|---|
r-devel-linux-x86_64-debian-clang | 2.0.0 | 4.56 | 41.71 | 46.27 | NOTE | |
r-devel-linux-x86_64-debian-gcc | 2.0.0 | 3.02 | 31.71 | 34.73 | NOTE | |
r-devel-linux-x86_64-fedora-clang | 2.0.0 | 74.43 | OK | |||
r-devel-linux-x86_64-fedora-gcc | 2.0.0 | 87.45 | NOTE | |||
r-devel-windows-x86_64 | 2.0.0 | 7.00 | 69.00 | 76.00 | OK | |
r-patched-linux-x86_64 | 2.0.0 | 4.33 | 38.17 | 42.50 | OK | |
r-release-linux-x86_64 | 2.0.0 | 4.48 | 38.02 | 42.50 | OK | |
r-release-macos-arm64 | 2.0.0 | 33.00 | OK | |||
r-release-macos-x86_64 | 2.0.0 | 46.00 | OK | |||
r-release-windows-x86_64 | 2.0.0 | 8.00 | 64.00 | 72.00 | OK | |
r-oldrel-macos-arm64 | 2.0.0 | 28.00 | OK | |||
r-oldrel-macos-x86_64 | 2.0.0 | 66.00 | OK | |||
r-oldrel-windows-x86_64 | 2.0.0 | 8.00 | 69.00 | 77.00 | OK |
Version: 2.0.0
Check: DESCRIPTION meta-information
Result: NOTE
Missing dependency on R >= 4.1.0 because package code uses the pipe
|> or function shorthand \(...) syntax added in R 4.1.0.
File(s) using such syntax:
‘esem_cfa_syntax.R’
Flavors: r-devel-linux-x86_64-debian-clang, r-devel-linux-x86_64-debian-gcc, r-devel-linux-x86_64-fedora-gcc