Last updated on 2025-04-30 17:00:49 CEST.
Flavor | Version | Tinstall | Tcheck | Ttotal | Status | Flags |
---|---|---|---|---|---|---|
r-devel-linux-x86_64-debian-clang | 0.5.0 | 18.83 | 130.31 | 149.14 | NOTE | |
r-devel-linux-x86_64-debian-gcc | 0.5.0 | 14.98 | 85.34 | 100.32 | OK | |
r-devel-linux-x86_64-fedora-clang | 0.5.0 | 254.61 | OK | |||
r-devel-linux-x86_64-fedora-gcc | 0.5.0 | 254.74 | OK | |||
r-devel-windows-x86_64 | 0.5.0 | 26.00 | 155.00 | 181.00 | OK | |
r-patched-linux-x86_64 | 0.5.0 | 19.67 | 118.82 | 138.49 | OK | |
r-release-linux-x86_64 | 0.5.0 | 20.27 | 118.62 | 138.89 | OK | |
r-release-macos-arm64 | 0.5.0 | 75.00 | OK | |||
r-release-macos-x86_64 | 0.5.0 | 124.00 | OK | |||
r-release-windows-x86_64 | 0.5.0 | 26.00 | 144.00 | 170.00 | OK | |
r-oldrel-macos-arm64 | 0.5.0 | 62.00 | OK | |||
r-oldrel-macos-x86_64 | 0.5.0 | 101.00 | OK | |||
r-oldrel-windows-x86_64 | 0.5.0 | 30.00 | 185.00 | 215.00 | OK |
Version: 0.5.0
Check: examples
Result: NOTE
Examples with CPU (user + system) or elapsed time > 5s
user system elapsed
mapcomp 6.687 0.114 9.172
sadie 6.215 0.516 7.311
Flavor: r-devel-linux-x86_64-debian-clang