Last updated on 2025-02-05 09:49:13 CET.
Flavor | Version | Tinstall | Tcheck | Ttotal | Status | Flags |
---|---|---|---|---|---|---|
r-devel-linux-x86_64-debian-clang | 0.3-3 | 2.83 | 15.66 | 18.49 | NOTE | |
r-devel-linux-x86_64-debian-gcc | 0.3-3 | 2.34 | 13.49 | 15.83 | NOTE | |
r-devel-linux-x86_64-fedora-clang | 0.3-3 | 30.27 | NOTE | |||
r-devel-linux-x86_64-fedora-gcc | 0.3-3 | 29.63 | NOTE | |||
r-devel-windows-x86_64 | 0.3-3 | 5.00 | 37.00 | 42.00 | OK | |
r-patched-linux-x86_64 | 0.3-3 | 2.97 | 15.09 | 18.06 | NOTE | |
r-release-linux-x86_64 | 0.3-3 | 2.81 | 15.30 | 18.11 | NOTE | |
r-release-macos-arm64 | 0.3-3 | 19.00 | NOTE | |||
r-release-macos-x86_64 | 0.3-3 | 21.00 | NOTE | |||
r-release-windows-x86_64 | 0.3-3 | 5.00 | 35.00 | 40.00 | OK | |
r-oldrel-macos-arm64 | 0.3-3 | 18.00 | OK | |||
r-oldrel-macos-x86_64 | 0.3-3 | 27.00 | OK | |||
r-oldrel-windows-x86_64 | 0.3-3 | 7.00 | 34.00 | 41.00 | OK |
Version: 0.3-3
Check: DESCRIPTION meta-information
Result: NOTE
License stub is invalid DCF.
Flavors: r-devel-linux-x86_64-debian-clang, r-devel-linux-x86_64-debian-gcc, r-patched-linux-x86_64, r-release-linux-x86_64, r-release-macos-arm64, r-release-macos-x86_64
Version: 0.3-3
Check: DESCRIPTION meta-information
Result: NOTE
Licence stub is invalid DCF.
Flavors: r-devel-linux-x86_64-fedora-clang, r-devel-linux-x86_64-fedora-gcc