Last updated on 2025-01-18 09:49:16 CET.
Flavor | Version | Tinstall | Tcheck | Ttotal | Status | Flags |
---|---|---|---|---|---|---|
r-devel-linux-x86_64-debian-clang | 0.1.0 | 5.08 | 229.06 | 234.14 | NOTE | |
r-devel-linux-x86_64-debian-gcc | 0.1.0 | 3.15 | 171.96 | 175.11 | NOTE | |
r-devel-linux-x86_64-fedora-clang | 0.1.0 | 371.82 | NOTE | |||
r-devel-linux-x86_64-fedora-gcc | 0.1.0 | 379.54 | NOTE | |||
r-devel-windows-x86_64 | 0.1.0 | 7.00 | 250.00 | 257.00 | NOTE | |
r-patched-linux-x86_64 | 0.1.0 | 4.96 | 211.28 | 216.24 | NOTE | |
r-release-linux-x86_64 | 0.1.0 | 3.98 | 212.11 | 216.09 | NOTE | |
r-release-macos-arm64 | 0.1.0 | 167.00 | NOTE | |||
r-release-macos-x86_64 | 0.1.0 | 380.00 | NOTE | |||
r-release-windows-x86_64 | 0.1.0 | 7.00 | 258.00 | 265.00 | NOTE | |
r-oldrel-macos-arm64 | 0.1.0 | 181.00 | NOTE | |||
r-oldrel-macos-x86_64 | 0.1.0 | 263.00 | NOTE | |||
r-oldrel-windows-x86_64 | 0.1.0 | 9.00 | 285.00 | 294.00 | NOTE |
Version: 0.1.0
Check: Rd files
Result: NOTE
checkRd: (-1) eesim.Rd:148-151: Lost braces in \itemize; \value handles \item{}{} directly
checkRd: (-1) eesim.Rd:152-155: Lost braces in \itemize; \value handles \item{}{} directly
checkRd: (-1) eesim.Rd:156-158: Lost braces in \itemize; \value handles \item{}{} directly
Flavors: r-devel-linux-x86_64-debian-clang, r-devel-linux-x86_64-debian-gcc, r-devel-linux-x86_64-fedora-clang, r-devel-linux-x86_64-fedora-gcc, r-devel-windows-x86_64, r-patched-linux-x86_64, r-release-linux-x86_64, r-release-macos-arm64, r-release-macos-x86_64, r-release-windows-x86_64
Version: 0.1.0
Check: LazyData
Result: NOTE
'LazyData' is specified without a 'data' directory
Flavors: r-patched-linux-x86_64, r-release-linux-x86_64, r-release-macos-arm64, r-release-macos-x86_64, r-release-windows-x86_64, r-oldrel-macos-arm64, r-oldrel-macos-x86_64, r-oldrel-windows-x86_64