CRAN Package Check Results for Package eemR

Last updated on 2025-01-19 03:49:16 CET.

Flavor Version Tinstall Tcheck Ttotal Status Flags
r-devel-linux-x86_64-debian-clang 1.0.1 5.79 67.52 73.31 NOTE
r-devel-linux-x86_64-debian-gcc 1.0.1 4.50 48.09 52.59 NOTE
r-devel-linux-x86_64-fedora-clang 1.0.1 121.13 OK
r-devel-linux-x86_64-fedora-gcc 1.0.1 128.18 OK
r-devel-windows-x86_64 1.0.1 10.00 113.00 123.00 NOTE
r-patched-linux-x86_64 1.0.1 10.35 62.41 72.76 OK
r-release-linux-x86_64 1.0.1 6.03 62.53 68.56 OK
r-release-macos-arm64 1.0.1 44.00 OK
r-release-macos-x86_64 1.0.1 66.00 OK
r-release-windows-x86_64 1.0.1 9.00 111.00 120.00 OK
r-oldrel-macos-arm64 1.0.1 44.00 OK
r-oldrel-macos-x86_64 1.0.1 66.00 OK
r-oldrel-windows-x86_64 1.0.1 10.00 125.00 135.00 OK

Check Details

Version: 1.0.1
Check: Rd cross-references
Result: NOTE Found the following Rd file(s) with Rd \link{} targets missing package anchors: eem_biological_index.Rd: interp2 eem_coble_peaks.Rd: interp2 eem_fluorescence_index.Rd: interp2 eem_humification_index.Rd: interp2 eem_peaks.Rd: interp2 Please provide package anchors for all Rd \link{} targets not in the package itself and the base packages. Flavors: r-devel-linux-x86_64-debian-clang, r-devel-linux-x86_64-debian-gcc, r-devel-windows-x86_64