Last updated on 2025-05-06 02:50:17 CEST.
Flavor | Version | Tinstall | Tcheck | Ttotal | Status | Flags |
---|---|---|---|---|---|---|
r-devel-linux-x86_64-debian-clang | 0.1.4 | 3.72 | 33.61 | 37.33 | OK | |
r-devel-linux-x86_64-debian-gcc | 0.1.4 | 2.89 | 26.38 | 29.27 | OK | |
r-devel-linux-x86_64-fedora-clang | 0.1.4 | 55.80 | OK | |||
r-devel-linux-x86_64-fedora-gcc | 0.1.4 | 56.45 | OK | |||
r-devel-windows-x86_64 | 0.1.4 | 6.00 | 51.00 | 57.00 | OK | |
r-patched-linux-x86_64 | 0.1.4 | 3.63 | 30.39 | 34.02 | OK | |
r-release-linux-x86_64 | 0.1.4 | 3.63 | 30.87 | 34.50 | OK | |
r-release-macos-arm64 | 0.1.4 | 27.00 | OK | |||
r-release-macos-x86_64 | 0.1.4 | 38.00 | OK | |||
r-release-windows-x86_64 | 0.1.4 | 6.00 | 50.00 | 56.00 | OK | |
r-oldrel-macos-arm64 | 0.1.4 | 20.00 | NOTE | |||
r-oldrel-macos-x86_64 | 0.1.4 | 29.00 | NOTE | |||
r-oldrel-windows-x86_64 | 0.1.4 | 7.00 | 57.00 | 64.00 | NOTE |
Version: 0.1.4
Check: LazyData
Result: NOTE
'LazyData' is specified without a 'data' directory
Flavors: r-oldrel-macos-arm64, r-oldrel-macos-x86_64, r-oldrel-windows-x86_64