Last updated on 2025-01-26 03:49:46 CET.
Flavor | Version | Tinstall | Tcheck | Ttotal | Status | Flags |
---|---|---|---|---|---|---|
r-devel-linux-x86_64-debian-clang | 1.0.0.1 | 15.08 | 119.76 | 134.84 | OK | |
r-devel-linux-x86_64-debian-gcc | 1.0.0.1 | 10.03 | 81.36 | 91.39 | OK | |
r-devel-linux-x86_64-fedora-clang | 1.0.0.1 | 221.23 | OK | |||
r-devel-linux-x86_64-fedora-gcc | 1.0.0.1 | 214.54 | OK | |||
r-devel-windows-x86_64 | 1.0.0.1 | 17.00 | 137.00 | 154.00 | OK | |
r-patched-linux-x86_64 | 1.0.0.1 | 15.00 | 110.33 | 125.33 | NOTE | |
r-release-linux-x86_64 | 1.0.0.1 | 14.10 | 110.04 | 124.14 | NOTE | |
r-release-macos-arm64 | 1.0.0.1 | 68.00 | NOTE | |||
r-release-macos-x86_64 | 1.0.0.1 | 195.00 | NOTE | |||
r-release-windows-x86_64 | 1.0.0.1 | 18.00 | 135.00 | 153.00 | NOTE | |
r-oldrel-macos-arm64 | 1.0.0.1 | 74.00 | NOTE | |||
r-oldrel-macos-x86_64 | 1.0.0.1 | 142.00 | NOTE | |||
r-oldrel-windows-x86_64 | 1.0.0.1 | 22.00 | 162.00 | 184.00 | NOTE |
Version: 1.0.0.1
Check: installed files from ‘inst/doc’
Result: NOTE
The following files should probably not be installed:
‘econet.tex’
Consider the use of a .Rinstignore file: see ‘Writing R Extensions’,
or move the vignette sources from ‘inst/doc’ to ‘vignettes’.
Flavors: r-patched-linux-x86_64, r-release-linux-x86_64, r-release-macos-arm64, r-release-macos-x86_64, r-release-windows-x86_64, r-oldrel-macos-arm64, r-oldrel-macos-x86_64, r-oldrel-windows-x86_64