CRAN Package Check Results for Package dumbbell

Last updated on 2025-07-03 08:48:59 CEST.

Flavor Version Tinstall Tcheck Ttotal Status Flags
r-devel-linux-x86_64-debian-clang 0.1 5.96 69.60 75.56 NOTE
r-devel-linux-x86_64-debian-gcc 0.1 4.68 51.18 55.86 NOTE
r-devel-linux-x86_64-fedora-clang 0.1 114.32 OK
r-devel-linux-x86_64-fedora-gcc 0.1 119.55 OK
r-devel-windows-x86_64 0.1 9.00 80.00 89.00 OK
r-patched-linux-x86_64 0.1 6.42 63.31 69.73 OK
r-release-linux-x86_64 0.1 5.43 64.10 69.53 OK
r-release-macos-arm64 0.1 40.00 OK
r-release-macos-x86_64 0.1 66.00 OK
r-release-windows-x86_64 0.1 9.00 78.00 87.00 OK
r-oldrel-macos-arm64 0.1 37.00 NOTE
r-oldrel-macos-x86_64 0.1 54.00 NOTE
r-oldrel-windows-x86_64 0.1 10.00 94.00 104.00 NOTE

Check Details

Version: 0.1
Check: CRAN incoming feasibility
Result: NOTE Maintainer: ‘Foo Cheung <foocheung@yahoo.com>’ No Authors@R field in DESCRIPTION. Please add one, modifying Authors@R: person(given = "Foo", family = "Cheung", role = c("aut", "cre"), email = "foocheung@yahoo.com") as necessary. Flavors: r-devel-linux-x86_64-debian-clang, r-devel-linux-x86_64-debian-gcc

Version: 0.1
Check: LazyData
Result: NOTE 'LazyData' is specified without a 'data' directory Flavors: r-oldrel-macos-arm64, r-oldrel-macos-x86_64, r-oldrel-windows-x86_64