Last updated on 2025-05-09 19:51:53 CEST.
Flavor | Version | Tinstall | Tcheck | Ttotal | Status | Flags |
---|---|---|---|---|---|---|
r-devel-linux-x86_64-debian-clang | 0.3.1 | 8.23 | 58.38 | 66.61 | OK | |
r-devel-linux-x86_64-debian-gcc | 0.3.1 | 5.88 | 42.47 | 48.35 | OK | |
r-devel-linux-x86_64-fedora-clang | 0.3.1 | 97.29 | NOTE | |||
r-devel-linux-x86_64-fedora-gcc | 0.3.1 | 99.68 | NOTE | |||
r-devel-windows-x86_64 | 0.3.1 | 12.00 | 75.00 | 87.00 | OK | |
r-patched-linux-x86_64 | 0.3.1 | 9.05 | 55.44 | 64.49 | OK | |
r-release-linux-x86_64 | 0.3.1 | 7.73 | 54.55 | 62.28 | OK | |
r-release-macos-arm64 | 0.3.1 | 34.00 | OK | |||
r-release-macos-x86_64 | 0.3.1 | 56.00 | OK | |||
r-release-windows-x86_64 | 0.3.1 | 10.00 | 73.00 | 83.00 | OK | |
r-oldrel-macos-arm64 | 0.3.1 | 29.00 | OK | |||
r-oldrel-macos-x86_64 | 0.3.1 | 45.00 | OK | |||
r-oldrel-windows-x86_64 | 0.3.1 | 14.00 | 88.00 | 102.00 | OK |
Version: 0.3.1
Check: dependencies in R code
Result: NOTE
Namespaces in Imports field not imported from:
‘gridExtra’ ‘plotly’ ‘pryr’ ‘rpart’
All declared Imports should be used.
Flavors: r-devel-linux-x86_64-fedora-clang, r-devel-linux-x86_64-fedora-gcc