Last updated on 2025-01-25 15:49:09 CET.
Flavor | Version | Tinstall | Tcheck | Ttotal | Status | Flags |
---|---|---|---|---|---|---|
r-devel-linux-x86_64-debian-clang | 0.2.6 | 15.53 | 93.85 | 109.38 | OK | |
r-devel-linux-x86_64-debian-gcc | 0.2.6 | 9.29 | 64.59 | 73.88 | OK | |
r-devel-linux-x86_64-fedora-clang | 0.2.6 | 183.00 | OK | |||
r-devel-linux-x86_64-fedora-gcc | 0.2.6 | 167.89 | OK | |||
r-devel-windows-x86_64 | 0.2.6 | 16.00 | 97.00 | 113.00 | OK | |
r-patched-linux-x86_64 | 0.2.6 | 12.00 | 83.23 | 95.23 | OK | |
r-release-linux-x86_64 | 0.2.6 | 13.64 | 83.38 | 97.02 | OK | |
r-release-macos-arm64 | 0.2.6 | 55.00 | OK | |||
r-release-macos-x86_64 | 0.2.6 | 109.00 | OK | |||
r-release-windows-x86_64 | 0.2.6 | 15.00 | 91.00 | 106.00 | OK | |
r-oldrel-macos-arm64 | 0.2.6 | 51.00 | OK | |||
r-oldrel-macos-x86_64 | 0.2.6 | 90.00 | NOTE | |||
r-oldrel-windows-x86_64 | 0.2.6 | 20.00 | 108.00 | 128.00 | OK |
Version: 0.2.6
Check: package dependencies
Result: NOTE
Packages suggested but not available for checking: 'psych', 'sirt'
Flavor: r-oldrel-macos-x86_64